 87. Let v(k) = 4*k + 11. Let b(d) = -d - 1. Let h(u) = -2*b(u) - v(u). List the prime factors of h(y).
5
Suppose 5*p + 43 = -2*i, -5*i - 70 = 13*p - 8*p. Let c(m) = m**3 + 13*m**2 + 20*m + 16. What are the prime factors of c(i)?
2, 5
Let a(x) = 3*x**3 - 8*x**2 + 4*x + 8. Let n(f) = -16*f**3 + 40*f**2 - 20*f - 41. Let p(k) = 11*a(k) + 2*n(k). List the prime factors of p(8).
2, 19
Suppose -17 = m - c, 0 = 2*c + c - 9. Let l = 24 + m. What are the prime factors of l?
2, 5
Let t = 470 + -164. List the prime factors of t.
2, 3, 17
Suppose -3*x + 104 + 175 = 0. Let i be (-4)/24 + x/18. Let d(n) = 4*n. List the prime factors of d(i).
2, 5
Let p be 6 + (-9)/3 - 3. Suppose p = 3*u - 10 - 2. List the prime factors of (-2)/u + (-55)/(-2).
3
Suppose -o = 1 - 3. Suppose -3*g + o = -4. Suppose 0 = 3*l - g*x - 44 - 38, 36 = l - 5*x. What are the prime factors of l?
2, 13
Let b(j) = -301*j + 29. Let k be b(-7). Suppose 11*q + q = k. List the prime factors of q.
2, 89
Let d = -153 - -810. What are the prime factors of d?
3, 73
Let u = 589 + -245. What are the prime factors of u?
2, 43
Let k = 50 + -45. Suppose 8*a = k*a + 345. What are the prime factors of a?
5, 23
Let p = 110 + -114. Let q be (-1)/(((-8)/(-18))/(-4)). List the prime factors of (p/6)/((-1)/q).
2, 3
Let u(b) = b**3 + 9*b**2 - 8*b - 10. Let p be u(-7). Let n = -4 + p. What are the prime factors of n?
2, 5, 7
Let p be -2 + (-7)/(111/57 + -2). Let b = p - 75. List the prime factors of b.
2, 7
Let w = -48 + 42. List the prime factors of (-396)/(-8)*w/(-9).
3, 11
Suppose -6 = -2*r, 14*n = 9*n + r + 1362. List the prime factors of n.
3, 7, 13
Let u = 27 - 28. Let j = u - -245. What are the prime factors of j?
2, 61
Let y be (2 - -64)/((-2)/(-10)). Suppose t + 2*u + 10 = -3*u, -t = -3*u - 6. Suppose t = -5*l - 0*l + y. List the prime factors of l.
2, 3, 11
Suppose 0 = 4*f + 3*l - 5*l - 4, -5*f + 8 = -l. Let s be 3 + f*87 - 4. Suppose 4*q = -c + s, 74 = 5*q - 2*c - 152. What are the prime factors of q?
2, 11
Let c = -15 - -15. Let i be ((-20)/6)/((-4)/(-48)). What are the prime factors of i*(c - (-2)/(-4))?
2, 5
Suppose 3*l + 40 = -3*q + 2185, -4*q + 2855 = 5*l. Suppose -5*g + 3*n + q = 0, 5*n - 47 = 3*g - 495. Let r = g + -96. What are the prime factors of r?
3, 5
Let s(m) = m**2 + 4*m + 4. Let v be s(-2). What are the prime factors of -3 - (v + -7) - -56?
2, 3, 5
Let p(j) = -5*j. Let l be ((-16)/4)/(1/(-2)). Let f = -13 + l. What are the prime factors of p(f)?
5
Let h = -43 - -15. Let k = 93 + h. List the prime factors of k.
5, 13
Suppose 4*d + 10 = 2*q, 4*d + 1 - 26 = -5*q. Suppose 2*p - 6 = 5*f, q*f + 6*p + 12 = 10*p. Let a = 4 - f. List the prime factors of a.
2
Let v(p) = -4*p**3 + 8*p**2 - 6*p - 18. List the prime factors of v(-9).
2, 3, 5
What are the prime factors of ((-126788)/(-60) - (-14)/(-105))*1?
2113
Suppose 4*u = m + 4, 4*u - 5*m - 10 = 10. Let f(p) = 0 + 2 + 2*p + u + 6*p. What are the prime factors of f(1)?
2, 5
Let i(z) be the first derivative of z**3 + 5*z**2/2 - 14*z - 14. List the prime factors of i(-6).
2
Let m(n) = -n**2 + 47*n - 95. List the prime factors of m(20).
5, 89
Suppose k = -3*f + 27, 3*f - 45 = -2*f + 4*k. Suppose 5*d + y = -1, 4*d + 2 = 2*y + 4. What are the prime factors of (9 + d)*30/f?
2, 3, 5
Suppose t - 2 = 0, t - 5*t = 4*u - 20. Suppose u*r + 4*g - 27 = 0, -3*r - 3*g + 18 = -6. Suppose w = m - 4*w + 2, -r*m = 4*w - 19. List the prime factors of m.
3
Let d(k) = k**2 - 6*k - 10. Let j be d(-5). Suppose -3*x - j + 126 = 0. List the prime factors of x.
3
Let m = 903 - 159. List the prime factors of m.
2, 3, 31
Suppose 8*p - 4 = 7*p. Let v(x) = x**2 - x - 7. Let f be v(p). Suppose -52 = -q - a, f*a = -q - 0*a + 64. What are the prime factors of q?
7
What are the prime factors of ((-6)/(96/(-100)))/(4/144)?
3, 5
Suppose 4*u + 2210 = 3*q, 5*q - 2*u - 2632 - 1056 = 0. List the prime factors of q.
2, 3, 41
Let v(b) = b**3 - b**2 - 3*b + 5. Let g be v(7). Suppose 3*m + 375 = 4*r, 0*r + m = -3*r + g. What are the prime factors of r?
3, 31
Let t(h) = -h**3 - h**2 + 15*h + 96. What are the prime factors of t(-12)?
2, 3, 5
Let w(n) = n**3 - 10*n**2 - 18*n. Let i(y) = 12*y**3 - y**2 - y + 2. Let o be i(1). List the prime factors of w(o).
2, 3
Let b(w) = w**3 + 10*w**2 + 9*w - 19*w - 2*w**3 + 6. Let z be b(8). Suppose 3*c = 5*c + 2*s - z, c + 3*s - 37 = 0. List the prime factors of c.
2, 11
Let v = -809 - -811. Suppose -3*y = -3*l - 1134, 3*y - 653 = 5*l + 1241. What are the prime factors of 2 + v - l/5?
2, 5
Suppose -4*f + 5414 = -2*h, -4*f + 7288 = -3*h + 1871. What are the prime factors of f?
2, 13
Let u(p) be the first derivative of p**4/4 + 8*p**3/3 + 4*p**2 + 2. Let b be 10/(-2) - (1 + -2)*-1. What are the prime factors of u(b)?
2, 3
Suppose -8*o + 52 = -2260. What are the prime factors of o?
17
Let d be (4 - (3 + 1))/(-2). Suppose -139 = -2*x + 2*u - 15, d = -2*x - 3*u + 134. What are the prime factors of x?
2
Suppose 2*z - 4316 = -0*v - 5*v, 0 = -z - 5*v + 2148. List the prime factors of z.
2, 271
Let g(a) = 20*a**3 + 0*a + 6*a**3 + 12*a**3 + a. Let t be g(-1). Let q = 71 + t. List the prime factors of q.
2
Let p(t) = -t**3 + 13*t**2 + 7*t + 7. Let z = 22 + -9. What are the prime factors of p(z)?
2, 7
Suppose d = 3*s - d - 16, -4*s + 5*d = -19. Suppose -s*w = -7*w + 65. What are the prime factors of w?
5, 13
Suppose 8*j = 13*j - 5. Let h(s) = s**3 + 12*s**2 + 11*s + 3. Let x be h(-11). What are the prime factors of (x/(-5))/(j/(-5))?
3
Let v(l) = l**2 + 7*l - 24. What are the prime factors of v(20)?
2, 3, 43
Suppose -5*c + 268 = -2*h, 3*c - 190 = 3*h + 194. What are the prime factors of (h/6)/((-4)/6)?
31
What are the prime factors of (-146)/6*(-17)/((-153)/(-270))?
2, 5, 73
Let j = 455 + 572. List the prime factors of j.
13, 79
Let n = 5 - 1. Suppose n*y - 4*b = 200, -75 - 11 = -2*y - 5*b. List the prime factors of y.
2, 3
List the prime factors of -2*(-1 - 1504)/7.
2, 5, 43
Let f = 5 - 5. Suppose f = -4*k - 1 + 9. Suppose -5*z + 33 = -k*z. What are the prime factors of z?
11
Let j(a) = -140*a - 420. List the prime factors of j(-17).
2, 5, 7
Let v = -35 - -31. Let z(g) = -2*g - 3. Let n be z(v). Suppose 299 = 4*i + n*p, -i + 0*i - p = -75. List the prime factors of i.
2, 19
Let x(t) = -t**2 - 3*t + 10. Let r be x(-19). Let s = 562 + r. List the prime factors of s.
2, 67
Suppose 4*p - 655 = -p - 2*o, -5*p + o + 640 = 0. List the prime factors of p.
3, 43
What are the prime factors of 12/((-384)/(-15596)) + 3/(-8)?
487
Let u be (-16 - -10)*(-1)/3. Suppose 0 = 5*v + 5*n - 890, v = u*v - 3*n - 170. What are the prime factors of v?
2, 11
Suppose 0 = -5*d + 37 - 7. Let s = -704 + 730. Let j = s + d. What are the prime factors of j?
2
Let o be -3 - -1 - (-122)/2. Suppose 5*t - o = 4*t. List the prime factors of t.
59
Suppose -2*y + 4 = 5*k - 8, -3*k + 5 = -y. What are the prime factors of (135/(-2 + y))/(-1)?
3, 5
Let n(k) = -k**2 - 10*k + 26. Let m be n(-12). What are the prime factors of 1 - (-216)/(1 + m)?
73
Let n(i) = -81*i + 79. List the prime factors of n(-5).
2, 11
Let o(h) = h**3 + 21*h**2 + 5. Let y be o(-21). Suppose -y*j = -8*j + 132. What are the prime factors of j?
2, 11
Let x(h) = -h - 4. Let m(i) = i**3 - 2*i**2 - 3*i + 4. Let n be m(3). Let l be x(n). What are the prime factors of -16*1*(7 + l)?
2
Let k = 129 + -126. Suppose -6 = -k*j, 3*p - 3*j - 466 = -8*j. What are the prime factors of p?
2, 19
Suppose 5*c - 377 = 3*i + 5732, -4*c + 4895 = -5*i. Suppose 2*v = -5*u + 933 + 296, 5*v = -5*u + c. List the prime factors of u.
13, 19
Suppose 3*o = 7*o - 20. Suppose o*b + 0*b - 30 = 0. Suppose -240 = -0*v - b*v. List the prime factors of v.
2, 5
Let v(x) = -2*x**2 - 13*x - 1. Let y be v(-6). Suppose -5*r + 23 = -4*r + y*z, 140 = 4*r + 4*z. List the prime factors of r.
2, 19
Suppose -r + 25 = 3*b, -4 + 20 = 4*b - 3*r. Suppose 0 = -5*z - 4*o + 26, -16*o + 14*o = -4*z. Suppose -65 = -z*p + b. What are the prime factors of p?
2, 3
Let u = -87 - -89. Suppose 0 - 25 = -3*l - 5*h, u*l + 2*h = 22. List the prime factors of l.
3, 5
Let p(r) = -r**3 - 5*r**2 + 6*r + 2. Suppose 0 = b + 2 + 4. Let f be p(b). Suppose 4 - 26 = -f*j. What are the prime factors of j?
11
Let g = 354 - -215. What are the prime factors of g?
569
Suppose -5*o + 515 = 5*a, -4*o - 160 = -2*a +